tors of 218?
2, 109
What are the prime factors of 797?
797
List the prime factors of 5525.
5, 13, 17
List the prime factors of 3056.
2, 191
List the prime factors of 6359.
6359
List the prime factors of 627.
3, 11, 19
List the prime factors of 512.
2
What are the prime factors of 1077?
3, 359
What are the prime factors of 318?
2, 3, 53
What are the prime factors of 11698?
2, 5849
What are the prime factors of 2870?
2, 5, 7, 41
What are the prime factors of 1846?
2, 13, 71
What are the prime factors of 927?
3, 103
List the prime factors of 5458.
2, 2729
What are the prime factors of 103418?
2, 7, 83, 89
List the prime factors of 43962.
2, 3, 17, 431
List the prime factors of 198800.
2, 5, 7, 71
What are the prime factors of 32753?
7, 4679
What are the prime factors of 18103?
43, 421
What are the prime factors of 5962?
2, 11, 271
What are the prime factors of 2627?
37, 71
What are the prime factors of 3174?
2, 3, 23
List the prime factors of 1512.
2, 3, 7
What are the prime factors of 6278?
2, 43, 73
What are the prime factors of 2104?
2, 263
List the prime factors of 2796.
2, 3, 233
List the prime factors of 636.
2, 3, 53
List the prime factors of 44147.
131, 337
What are the prime factors of 98709?
3, 13, 2531
List the prime factors of 1088.
2, 17
What are the prime factors of 5373?
3, 199
What are the prime factors of 21618?
2, 3, 1201
List the prime factors of 85854.
2, 3, 41, 349
What are the prime factors of 1048?
2, 131
List the prime factors of 873.
3, 97
What are the prime factors of 7050?
2, 3, 5, 47
List the prime factors of 19162.
2, 11, 13, 67
What are the prime factors of 107525?
5, 11, 17, 23
List the prime factors of 143.
11, 13
What are the prime factors of 237?
3, 79
List the prime factors of 5279.
5279
What are the prime factors of 44450?
2, 5, 7, 127
List the prime factors of 763.
7, 109
What are the prime factors of 21515?
5, 13, 331
List the prime factors of 1559.
1559
List the prime factors of 4603.
4603
What are the prime factors of 28555?
5, 5711
What are the prime factors of 3044?
2, 761
What are the prime factors of 10727?
17, 631
List the prime factors of 85858.
2, 42929
What are the prime factors of 8325?
3, 5, 37
What are the prime factors of 7048?
2, 881
List the prime factors of 95.
5, 19
What are the prime factors of 5293?
67, 79
List the prime factors of 44322.
2, 3, 83, 89
What are the prime factors of 14793?
3, 4931
What are the prime factors of 17962?
2, 7, 1283
What are the prime factors of 564?
2, 3, 47
What are the prime factors of 27480?
2, 3, 5, 229
List the prime factors of 987.
3, 7, 47
List the prime factors of 65951.
65951
List the prime factors of 19355.
5, 7, 79
What are the prime factors of 10257?
3, 13, 263
List the prime factors of 1381.
1381
List the prime factors of 48421.
41, 1181
What are the prime factors of 8228?
2, 11, 17
What are the prime factors of 1372?
2, 7
What are the prime factors of 3486?
2, 3, 7, 83
List the prime factors of 14191.
23, 617
What are the prime factors of 14?
2, 7
What are the prime factors of 5706?
2, 3, 317
What are the prime factors of 5989?
53, 113
List the prime factors of 22253.
7, 11, 17
What are the prime factors of 612?
2, 3, 17
List the prime factors of 38158.
2, 19079
What are the prime factors of 3908?
2, 977
What are the prime factors of 2242?
2, 19, 59
List the prime factors of 143221.
13, 23, 479
List the prime factors of 18785.
5, 13, 17
What are the prime factors of 74?
2, 37
What are the prime factors of 1780?
2, 5, 89
What are the prime factors of 13674?
2, 3, 43, 53
List the prime factors of 1709.
1709
What are the prime factors of 1849?
43
What are the prime factors of 987?
3, 7, 47
List the prime factors of 98439.
3, 11, 19, 157
List the prime factors of 151.
151
What are the prime factors of 3401?
19, 179
List the prime factors of 1912.
2, 239
List the prime factors of 750.
2, 3, 5
List the prime factors of 5637.
3, 1879
What are the prime factors of 15994?
2, 11, 727
List the prime factors of 2965.
5, 593
List the prime factors of 1064.
2, 7, 19
List the prime factors of 667.
23, 29
What are the prime factors of 941?
941
What are the prime factors of 58435?
5, 13, 29, 31
List the prime factors of 2204.
2, 19, 29
What are the prime factors of 3553?
11, 17, 19
List the prime factors of 11262.
2, 3, 1877
List the prime factors of 550.
2, 5, 11
List the prime factors of 4325.
5, 173
List the prime factors of 18221.
7, 19, 137
List the prime factors of 15668.
2, 3917
List the prime factors of 2772.
2, 3, 7, 11
What are the prime factors of 3186?
2, 3, 59
List the prime factors of 29520.
2, 3, 5, 41
List the prime factors of 3578.
2, 1789
List the prime factors of 55739.
139, 401
What are the prime factors of 2923?
37, 79
What are the prime factors of 32726?
2, 16363
What are the prime factors of 109?
109
What are the prime factors of 165?
3, 5, 11
List the prime factors of 584.
2, 73
What are the prime factors of 4942?
2, 7, 353
List the prime factors of 8388.
2, 3, 233
List the prime factors of 1028.
2, 257
What are the prime factors of 1055?
5, 211
What are the prime factors of 4778?
2, 2389
What are the prime factors of 44974?
2, 113, 199
What are the prime factors of 612?
2, 3, 17
List the prime factors of 19713.
3, 6571
List the prime factors of 1448.
2, 181
List the prime factors of 2140.
2, 5, 107
List the prime factors of 168791.
7, 24113
What are the prime factors of 11695?
5, 2339
What are the prime factors of 11582?
2, 5791
List the prime factors of 807.
3, 269
What are the prime factors of 17149?
11, 1559
List the prime factors of 1737.
3, 193
What are the prime factors of 10915?
5, 37, 59
List the prime factors of 1191.
3, 397
List the prime factors of 17193.
3, 11, 521
List the prime factors of 120833.
120833
List the prime factors of 5551.
7, 13, 61
What are the prime factors of 846?
2, 3, 47
List the prime factors of 1401.
3, 467
List the prime factors of 75549.
3, 25183
List the prime factors of 31993.
13, 23, 107
What are the prime factors of 37903?
29, 1307
List the prime factors of 438.
2, 3, 73
What are the prime factors of 22419?
3, 47, 53
What are the prime factors of 92322?
2, 3, 23, 223
What are the prime factors of 1778?
2, 7, 127
What are the prime factors of 337?
337
List the prime factors of 44771.
44771
What are the prime factors of 89193?
3, 13, 2287
What are the prime factors of 2090?
2, 5, 11, 19
List the prime factors of 382.
2, 191
What are the prime factors of 1427?
1427
List the prime factors of 45446.
2, 31, 733
List the prime factors of 909.
3, 101
What are the prime factors of 2386?
2, 1193
List the prime factors of 4798.
2, 2399
What are the prime factors of 4020?
2, 3, 5, 67
What are the prime factors of 1006?
2, 503
What are the prime factors of 96121?
19, 5059
List the prime factors of 17366.
2, 19, 457
List the prime factors of 1774.
2, 887
List the prime factors of 71485.
5, 17, 29
List the prime factors of 17879.
19, 941
What are the prime factors of 24209?
43, 563
What are the prime factors of 26068?
2, 7, 19
List the prime factors of 15788.
2, 3947
List the prime factors of 1229.
1229
List the prime factors of 184.
2, 23
What are the prime factors of 1181?
1181
What are the prime factors of 32406?
2, 3, 11, 491
What are the prime factors of 625?
5
What are the prime factors of 15622?
2, 73, 107
What are the prime factors of 43170?
2, 3, 5, 1439
What are the prime factors of 108069?
3, 13, 17, 163
What are the prime factors of 2039?
2039
List the prime factors of 366.
2, 3, 61
List the prime factors of 1492.
2, 373
What are the prime factors of 12430?
2, 5, 11, 113
What are the prime factors of 42618?
2, 3, 7103
List the prime factors of 26493.
3, 8831
What are the prime factors of 10729?
10729
List the prime factors of 8473.
37, 229
List the prime factors of 16652.
2, 23, 181
List the prime factors of 6281.
11, 571
What are the prime factors of 953?
953
List the prime factors of 6149.
11, 13, 43
What are the prime factors of 2794?
2, 11, 127
What are the prime factors of 34603?
34603
List the prime factors of 391.
17, 23
What are the prime factors of 78459?
3, 26153
What are the prime factors of 15523?
19, 43
What are the prime factors of 4459?
7, 13
What are the prime factors of 1555?
5, 311
